{"id":2,"date":"2015-02-27T21:56:40","date_gmt":"2015-02-27T21:56:40","guid":{"rendered":"http:\/\/totaltheme.wpengine.com\/webdevelopers\/?page_id=2"},"modified":"2024-03-29T07:50:43","modified_gmt":"2024-03-29T12:50:43","slug":"homepage","status":"publish","type":"page","link":"https:\/\/comunicaciones-gp.com\/","title":{"rendered":"Inicio"},"content":{"rendered":"<div class=\"wpb-content-wrapper\">[vc_row full_width=\u00bbstretch_row\u00bb wpex_bg_overlay=\u00bbdark\u00bb bg_style=\u00bbstretch\u00bb css=\u00bb.vc_custom_1711631992208{padding-top: 250px !important;padding-bottom: 200px !important;background: #093459 url(https:\/\/comunicaciones-gp.com\/wp-content\/uploads\/2024\/03\/GP-COMUNICACIONES.webp?id=13) !important;background-position: center !important;background-repeat: no-repeat !important;background-size: cover !important;}\u00bb wpex_bg_overlay_opacity=\u00bb0.35&#8243;][vc_column]<style>.vcex-animated-text.vcex_69d97a277fff5{text-align:center;color:#ffffff;font-size:42px;font-weight:400;}<\/style><div class=\"vcex-animated-text vcex-module wpex-m-0 wpex-text-xl wpex-text-1 wpex-font-semibold wpex-leading-none vcex-typed-text-wrap wpex-text-center vcex_69d97a277fff5\"><span class=\"vcex-typed-text-inner vcex-typed-text-css wpex-inline-block wpex-max-w-100\"><span class=\"screen-reader-text\"><span>Networking para entidades financieras<\/span><span>\u2022\tImplementaci\u00f3n de redes seguras VPN <\/span><span>Servicio integral y personalizado<\/span><\/span><span class=\"vcex-animated-text__placeholder vcex-ph wpex-inline-block wpex-invisible\"><\/span><span class=\"vcex-typed-text\" aria-hidden=\"true\" data-settings=\"{&quot;loop&quot;:false,&quot;showCursor&quot;:false,&quot;typeSpeed&quot;:60,&quot;backDelay&quot;:500,&quot;backSpeed&quot;:5,&quot;startDelay&quot;:0}\" data-strings=\"[&quot;Networking para entidades financieras&quot;,&quot;\\u2022\\tImplementaci\\u00f3n de redes seguras VPN &quot;,&quot;Servicio integral y personalizado&quot;]\"><\/span><\/span><\/div><style> style=\"height:40px;\"<\/style><div class=\"vcex-spacing wpex-w-100 wpex-clear\" style=\"height:40px;\"><\/div><div class=\"theme-button-wrap textcenter wpex-clr\"><a href=\"https:\/\/comunicaciones-gp.com\/index.php\/contact\/\" class=\"vcex-button theme-button flat align-center inline\" style=\"background:#093459;padding:12px 32px;font-size:13px;font-weight:600;letter-spacing:1px;border-radius:5px;text-transform:uppercase;\" data-wpex-hover='{&quot;background&quot;:&quot;#0c4678&quot;}' title=\"Contact us\"><span class=\"vcex-button-inner theme-button-inner\">Contactanos<\/span><\/a><\/div> [\/vc_column][\/vc_row][vc_row local_scroll_id=\u00bbhome-about\u00bb css=\u00bb.vc_custom_1489864875923{padding-top: 60px !important;padding-bottom: 30px !important;}\u00bb][vc_column][vc_column_text font_size=\u00bb28px\u00bb]\n<p style=\"text-align: center;\">Comunicaciones Gold Partner es una empresa l\u00edder en servicios de Networking para entidades financieras<\/p>\n[\/vc_column_text]<div class=\"vcex-spacing wpex-w-100 wpex-clear\"><\/div>[vc_column_text]\n<p style=\"text-align: center;\">Somos una empresa l\u00edder en servicios de networking para instituciones financieras, con 8 a\u00f1os de experiencia exitosa. Contamos con m\u00e1s de 50 clientes satisfechos y un equipo certificado altamente calificado<\/p>\n[\/vc_column_text][\/vc_column][\/vc_row][vc_row column_spacing=\u00bb50&#8243; css=\u00bb.vc_custom_1489864899619{margin-bottom: 30px !important;}\u00bb][vc_column width=\u00bb1\/3&#8243;]<style>.vcex-icon-box.vcex_69d97a2783869 .vcex-icon-box-symbol{margin-bottom:25px;}<\/style><div class=\"vcex-module vcex-icon-box vcex-icon-box-two wpex-block wpex-text-center vcex_69d97a2783869\"><div class=\"vcex-icon-box-symbol wpex-mb-20\"><img width=\"275\" height=\"183\" src=\"https:\/\/comunicaciones-gp.com\/wp-content\/uploads\/2024\/03\/gp-alianza.jpg\" class=\"vcex-icon-box-image wpex-align-middle\" alt=\"\" loading=\"lazy\" decoding=\"async\" \/><\/div><div class=\"vcex-icon-box-text\"><h2 class=\"vcex-icon-box-heading wpex-heading wpex-mb-10\" style=\"font-size:18px;\">Los Mejores<\/h2><div class=\"vcex-icon-box-content wpex-last-mb-0 wpex-clr\"><p>Hemos brindado servicios de desarrollo Networking para entidades financieras, con 8 a\u00f1os de experiencia y \u00e9xito en el mercado de la m\u00e1s alta calidad a empresas y profesionales de todo el mundo para ayudarlos a tener \u00e9xito en lo que hacen.<\/p>\n<\/div><\/div><\/div>[\/vc_column][vc_column width=\u00bb1\/3&#8243;]<style>.vcex-icon-box.vcex_69d97a278535b .vcex-icon-box-symbol{margin-bottom:25px;}<\/style><div class=\"vcex-module vcex-icon-box vcex-icon-box-two wpex-block wpex-text-center vcex_69d97a278535b\"><div class=\"vcex-icon-box-symbol wpex-mb-20\"><img width=\"410\" height=\"260\" src=\"https:\/\/comunicaciones-gp.com\/wp-content\/uploads\/2024\/03\/gp-cisco.jpg\" class=\"vcex-icon-box-image wpex-align-middle\" alt=\"\" loading=\"lazy\" decoding=\"async\" srcset=\"https:\/\/comunicaciones-gp.com\/wp-content\/uploads\/2024\/03\/gp-cisco.jpg 410w, https:\/\/comunicaciones-gp.com\/wp-content\/uploads\/2024\/03\/gp-cisco-300x190.jpg 300w\" sizes=\"auto, (max-width: 410px) 100vw, 410px\" \/><\/div><div class=\"vcex-icon-box-text\"><h2 class=\"vcex-icon-box-heading wpex-heading wpex-mb-10\" style=\"font-size:18px;\">Soporte t\u00e9cnico 24\/7<\/h2><div class=\"vcex-icon-box-content wpex-last-mb-0 wpex-clr\"><p>Estamos listos para ayudarle, no importa donde se encuentre un equipo de profesionales respaldan y aseguran una comunicaci\u00f3n los 365 d\u00edas del a\u00f1o las 24 horas del dia.<\/p>\n<\/div><\/div><\/div>[\/vc_column][vc_column width=\u00bb1\/3&#8243;]<style>.vcex-icon-box.vcex_69d97a2785e84 .vcex-icon-box-symbol{margin-bottom:25px;}<\/style><div class=\"vcex-module vcex-icon-box vcex-icon-box-two wpex-block wpex-text-center vcex_69d97a2785e84\"><div class=\"vcex-icon-box-symbol wpex-mb-20\"><img width=\"287\" height=\"176\" src=\"https:\/\/comunicaciones-gp.com\/wp-content\/uploads\/2024\/03\/gp-5-estrellas.jpg\" class=\"vcex-icon-box-image wpex-align-middle\" alt=\"\" loading=\"lazy\" decoding=\"async\" \/><\/div><div class=\"vcex-icon-box-text\"><h2 class=\"vcex-icon-box-heading wpex-heading wpex-mb-10\" style=\"font-size:18px;\">5 Estrellas en Dise\u00f1o<\/h2><div class=\"vcex-icon-box-content wpex-last-mb-0 wpex-clr\"><p>Estamos 100% dedicados a brindar solo los mejores servicios en Dise\u00f1o, implementaci\u00f3n y gesti\u00f3n de redes de datos, es por eso que todos nuestros clientes est\u00e1n muy contentos y nos dan 5 de 5 estrellas en todo momento.<\/p>\n<\/div><\/div><\/div>[\/vc_column][\/vc_row][vc_row full_width=\u00bbstretch_row\u00bb column_spacing=\u00bb40&#8243; local_scroll_id=\u00bbhome-what\u00bb css=\u00bb.vc_custom_1489864916944{border-top-width: 1px !important;padding-top: 80px !important;padding-bottom: 40px !important;border-top-color: #e8f2fc !important;border-top-style: solid !important;}\u00bb][vc_column width=\u00bb1\/2&#8243;][vc_column_text font_size=\u00bb28px\u00bb]\n<p style=\"text-align: left;\"><strong>01.<\/strong> Lo hacemos bien<\/p>\n[\/vc_column_text]<div class=\"vcex-spacing wpex-w-100 wpex-clear\"><\/div>[vc_column_text]En Comunicaciones Gold Partner somo profesionales en soluciones integrales de Networking para entidades financieras, mejorando la atenci\u00f3n al cliente y logrando que las\u00a0 operaciones bancarias sean m\u00e1s eficientes y seguras.[\/vc_column_text][\/vc_column][vc_column width=\u00bb1\/2&#8243;][vc_single_image image=\u00bb84&#8243; css_animation=\u00bbright-to-left\u00bb alignment=\u00bbcenter\u00bb][\/vc_column][\/vc_row][vc_row full_width=\u00bbstretch_row\u00bb column_spacing=\u00bb40&#8243; columns_right=\u00bbyes\u00bb css=\u00bb.vc_custom_1489865029825{border-top-width: 1px !important;padding-top: 80px !important;padding-bottom: 40px !important;border-top-color: #e8f2fc !important;border-top-style: solid !important;}\u00bb][vc_column width=\u00bb1\/2&#8243;][vc_column_text font_size=\u00bb28px\u00bb]\n<p style=\"text-align: left;\"><strong>02.<\/strong> Lo hacemos mejor<\/p>\n[\/vc_column_text]<div class=\"vcex-spacing wpex-w-100 wpex-clear\"><\/div>[vc_column_text]Nos encargamos de dise\u00f1ar, implementar\u00a0 y gestionar\u00a0 redes de datos, garantizando r redes seguras VPN para aplicaciones actuales seg\u00fan los requerimientos de cada cliente con mejoras innovadoras para facilitar el trabajo diario de nuestros clientes.[\/vc_column_text][\/vc_column][vc_column width=\u00bb1\/2&#8243;][vc_single_image image=\u00bb25&#8243; css_animation=\u00bbleft-to-right\u00bb alignment=\u00bbcenter\u00bb][\/vc_column][\/vc_row][vc_row full_width=\u00bbstretch_row\u00bb column_spacing=\u00bb40&#8243; css=\u00bb.vc_custom_1489865034281{border-top-width: 1px !important;padding-top: 80px !important;padding-bottom: 40px !important;border-top-color: #e8f2fc !important;border-top-style: solid !important;}\u00bb][vc_column width=\u00bb1\/2&#8243;][vc_column_text]\n<p style=\"text-align: left;\"><span style=\"font-size: 28px;\"><strong>03.<\/strong> Aseguramos su inversi\u00f3n<\/span><\/p>\n[\/vc_column_text]<div class=\"vcex-spacing wpex-w-100 wpex-clear\"><\/div>[vc_column_text]Nuestro compromiso en Comunicaciones GO es optimizar la eficiencia y la productividad de las redes con lo cual\u00a0 garantizamos la seguridad y disponibilidad de la informaci\u00f3n y lo m\u00e1s importante reducimos costos y optimizamos recursos a sus procesos.[\/vc_column_text][\/vc_column][vc_column width=\u00bb1\/2&#8243;][vc_single_image image=\u00bb86&#8243; img_size=\u00bb500&#215;200&#8243; css_animation=\u00bbright-to-left\u00bb alignment=\u00bbcenter\u00bb][\/vc_column][\/vc_row][vc_row full_width=\u00bbstretch_row\u00bb css=\u00bb.vc_custom_1489865059031{border-top-width: 1px !important;padding-top: 80px !important;padding-bottom: 40px !important;border-top-color: #e8f2fc !important;border-top-style: solid !important;}\u00bb][vc_column]<div class=\"vcex-spacing wpex-w-100 wpex-clear\"><\/div><style>.vcex-heading.vcex_69d97a27869c0{color:#093459;font-size:36px;}<\/style><div class=\"vcex-heading vcex-heading-plain vcex-module wpex-heading wpex-text-2xl wpex-text-center vcex_69d97a27869c0\"><span class=\"vcex-heading-inner wpex-inline-block\">Casos de Exito<\/span><\/div><div class=\"vcex-module vcex-divider vcex-divider-solid vcex-divider-center wpex-mx-auto wpex-max-w-100 vcex-divider-has-icon wpex-flex wpex-items-center\" style=\"width:200px;margin-top:10px;margin-bottom:25px;\"><div class=\"vcex-divider-border wpex-flex-grow wpex-border-b wpex-border-solid wpex-border-main\" style=\"border-color:#1785e4;border-bottom-width:2px;\"><\/div><span class=\"vcex-divider-icon-span wpex-inline-flex wpex-justify-center wpex-items-center wpex-box-content wpex-inline-block wpex-text-center wpex-text-lg wpex-py-10 wpex-px-20\" style=\"font-size:21px;color:#1785e4;\"><span class=\"ticon ticon-handshake-o\" aria-hidden=\"true\"><\/span><\/span><div class=\"vcex-divider-border wpex-flex-grow wpex-border-b wpex-border-solid wpex-border-main\" style=\"border-color:#1785e4;border-bottom-width:2px;\"><\/div><\/div><style class=\"vcex-carousel-preload-css\">.vcex_69d97a278a8ca{--wpex-carousel-gap:30px;}.vcex_69d97a278a8ca{--wpex-carousel-columns:1;}.vcex_69d97a278a8ca.wpex-carousel:not(.owl-loaded) > *:not(:nth-child(1n+2)) {display: flex !important;}@media only screen and (min-width: 480px) {.vcex_69d97a278a8ca{--wpex-carousel-columns:2;}.vcex_69d97a278a8ca.wpex-carousel:not(.owl-loaded) > *:not(:nth-child(1n+3)) {display: flex !important;}}@media only screen and (min-width: 768px) {.vcex_69d97a278a8ca{--wpex-carousel-columns:2;}.vcex_69d97a278a8ca.wpex-carousel:not(.owl-loaded) > *:not(:nth-child(1n+3)) {display: flex !important;}}@media only screen and (min-width: 960px) {.vcex_69d97a278a8ca{--wpex-carousel-columns:3;}.vcex_69d97a278a8ca.wpex-carousel:not(.owl-loaded) > *:not(:nth-child(1n+4)) {display: flex !important;}}<\/style><div class=\"vcex-module wpex-carousel vcex-testimonials-carousel owl-carousel wpex-clr wpex-carousel--render-onload vcex_69d97a278a8ca arrwstyle-circle arrwpos-right\" data-wpex-carousel=\"{&quot;dots&quot;:&quot;true&quot;,&quot;items&quot;:3,&quot;margin&quot;:30,&quot;responsive&quot;:{&quot;0&quot;:{&quot;items&quot;:&quot;1&quot;},&quot;480&quot;:{&quot;items&quot;:&quot;2&quot;},&quot;768&quot;:{&quot;items&quot;:2},&quot;960&quot;:{&quot;items&quot;:3}}}\"><div class=\"wpex-carousel-slide\"><div class=\"testimonial-entry post-70 testimonials type-testimonials status-publish has-post-thumbnail hentry entry has-media\"><div class=\"testimonial-entry-content wpex-relative wpex-boxed wpex-border-0 wpex-clr\"><span class=\"testimonial-caret\"><\/span><h2 class=\"testimonial-entry-title entry-title wpex-mb-10\" style=\"margin-bottom:12px;\">Profesionales y creativos<\/h2><div class=\"testimonial-entry-details testimonial-entry-text wpex-last-mb-0 wpex-clr\"><p>Luego de buscar varias alternativas encontramos en Comunicaciones Gold partner la mejor soluci\u00f3n con un equipo que nos acompa\u00f1o durante todo el desarrollo .<\/p>\n<\/div><\/div><div class=\"testimonial-entry-bottom wpex-flex wpex-flex-wrap wpex-mt-20\">\n<div class=\"testimonial-entry-thumb custom-dims wpex-flex-shrink-0 wpex-mr-20\"><img loading=\"lazy\" class=\"testimonials-entry-img wpex-align-middle wpex-round wpex-border wpex-border-solid wpex-border-main\" decoding=\"async\" src=\"https:\/\/comunicaciones-gp.com\/wp-content\/uploads\/2016\/10\/PERSONA-1-40x40.jpg\" alt=\"\" srcset=\"https:\/\/comunicaciones-gp.com\/wp-content\/uploads\/2016\/10\/PERSONA-1-40x40.jpg 40w, https:\/\/comunicaciones-gp.com\/wp-content\/uploads\/2016\/10\/PERSONA-1-295x300.jpg 295w, https:\/\/comunicaciones-gp.com\/wp-content\/uploads\/2016\/10\/PERSONA-1-1006x1024.jpg 1006w, https:\/\/comunicaciones-gp.com\/wp-content\/uploads\/2016\/10\/PERSONA-1-150x150.jpg 150w, https:\/\/comunicaciones-gp.com\/wp-content\/uploads\/2016\/10\/PERSONA-1-768x781.jpg 768w, https:\/\/comunicaciones-gp.com\/wp-content\/uploads\/2016\/10\/PERSONA-1-125x125.jpg 125w, https:\/\/comunicaciones-gp.com\/wp-content\/uploads\/2016\/10\/PERSONA-1.jpg 1200w\" width=\"40\" height=\"40\"><\/div><div class=\"testimonial-entry-meta wpex-flex-grow\">\n<span class=\"testimonial-entry-author entry-title wpex-m-0\">Carlos<\/span>\n\n<div class=\"testimonial-entry-rating\"><span class=\"ticon ticon-star\" aria-hidden=\"true\"><\/span><span class=\"ticon ticon-star\" aria-hidden=\"true\"><\/span><span class=\"ticon ticon-star\" aria-hidden=\"true\"><\/span><span class=\"ticon ticon-star\" aria-hidden=\"true\"><\/span><span class=\"ticon ticon-star\" aria-hidden=\"true\"><\/span><span class=\"screen-reader-text\">Rating: 5<\/span><\/div>\n<\/div><\/div><\/div><\/div><div class=\"wpex-carousel-slide\"><div class=\"testimonial-entry post-69 testimonials type-testimonials status-publish has-post-thumbnail hentry entry has-media\"><div class=\"testimonial-entry-content wpex-relative wpex-boxed wpex-border-0 wpex-clr\"><span class=\"testimonial-caret\"><\/span><h2 class=\"testimonial-entry-title entry-title wpex-mb-10\" style=\"margin-bottom:12px;\">R\u00e1pidos y eficientes<\/h2><div class=\"testimonial-entry-details testimonial-entry-text wpex-last-mb-0 wpex-clr\"><p>Tuvimos un problema en nuestra red y nos ayudaron solucionando remotamente sin necesidad de tramites complicados, recomendados<\/p>\n<\/div><\/div><div class=\"testimonial-entry-bottom wpex-flex wpex-flex-wrap wpex-mt-20\">\n<div class=\"testimonial-entry-thumb custom-dims wpex-flex-shrink-0 wpex-mr-20\"><img loading=\"lazy\" class=\"testimonials-entry-img wpex-align-middle wpex-round wpex-border wpex-border-solid wpex-border-main\" decoding=\"async\" src=\"https:\/\/comunicaciones-gp.com\/wp-content\/uploads\/2016\/10\/PERSONA-2-40x40.jpg\" alt=\"\" srcset=\"https:\/\/comunicaciones-gp.com\/wp-content\/uploads\/2016\/10\/PERSONA-2-40x40.jpg 40w, https:\/\/comunicaciones-gp.com\/wp-content\/uploads\/2016\/10\/PERSONA-2-300x298.jpg 300w, https:\/\/comunicaciones-gp.com\/wp-content\/uploads\/2016\/10\/PERSONA-2-150x150.jpg 150w, https:\/\/comunicaciones-gp.com\/wp-content\/uploads\/2016\/10\/PERSONA-2-125x125.jpg 125w, https:\/\/comunicaciones-gp.com\/wp-content\/uploads\/2016\/10\/PERSONA-2.jpg 600w\" width=\"40\" height=\"40\"><\/div><div class=\"testimonial-entry-meta wpex-flex-grow\">\n<span class=\"testimonial-entry-author entry-title wpex-m-0\">Anita<\/span>\n\n<div class=\"testimonial-entry-rating\"><span class=\"ticon ticon-star\" aria-hidden=\"true\"><\/span><span class=\"ticon ticon-star\" aria-hidden=\"true\"><\/span><span class=\"ticon ticon-star\" aria-hidden=\"true\"><\/span><span class=\"ticon ticon-star\" aria-hidden=\"true\"><\/span><span class=\"ticon ticon-star\" aria-hidden=\"true\"><\/span><span class=\"screen-reader-text\">Rating: 5<\/span><\/div>\n<\/div><\/div><\/div><\/div><div class=\"wpex-carousel-slide\"><div class=\"testimonial-entry post-68 testimonials type-testimonials status-publish has-post-thumbnail hentry entry has-media\"><div class=\"testimonial-entry-content wpex-relative wpex-boxed wpex-border-0 wpex-clr\"><span class=\"testimonial-caret\"><\/span><h2 class=\"testimonial-entry-title entry-title wpex-mb-10\" style=\"margin-bottom:12px;\">Profesionales<\/h2><div class=\"testimonial-entry-details testimonial-entry-text wpex-last-mb-0 wpex-clr\"><p>Desde que Comunicaciones Gold Partner estan a cargo de nuestros servicios de redes hemos mejorado nuestros tiempos de respuesta.<\/p>\n<\/div><\/div><div class=\"testimonial-entry-bottom wpex-flex wpex-flex-wrap wpex-mt-20\">\n<div class=\"testimonial-entry-thumb custom-dims wpex-flex-shrink-0 wpex-mr-20\"><img loading=\"lazy\" class=\"testimonials-entry-img wpex-align-middle wpex-round wpex-border wpex-border-solid wpex-border-main\" decoding=\"async\" src=\"https:\/\/comunicaciones-gp.com\/wp-content\/uploads\/2016\/10\/persona-3-40x40.webp\" alt=\"\" srcset=\"https:\/\/comunicaciones-gp.com\/wp-content\/uploads\/2016\/10\/persona-3-40x40.webp 40w, https:\/\/comunicaciones-gp.com\/wp-content\/uploads\/2016\/10\/persona-3-300x300.webp 300w, https:\/\/comunicaciones-gp.com\/wp-content\/uploads\/2016\/10\/persona-3-150x150.webp 150w, https:\/\/comunicaciones-gp.com\/wp-content\/uploads\/2016\/10\/persona-3-125x125.webp 125w, https:\/\/comunicaciones-gp.com\/wp-content\/uploads\/2016\/10\/persona-3.webp 500w\" width=\"40\" height=\"40\"><\/div><div class=\"testimonial-entry-meta wpex-flex-grow\">\n<span class=\"testimonial-entry-author entry-title wpex-m-0\">Laura<\/span>\n\n<div class=\"testimonial-entry-rating\"><span class=\"ticon ticon-star\" aria-hidden=\"true\"><\/span><span class=\"ticon ticon-star\" aria-hidden=\"true\"><\/span><span class=\"ticon ticon-star\" aria-hidden=\"true\"><\/span><span class=\"ticon ticon-star\" aria-hidden=\"true\"><\/span><span class=\"ticon ticon-star\" aria-hidden=\"true\"><\/span><span class=\"screen-reader-text\">Rating: 5<\/span><\/div>\n<\/div><\/div><\/div><\/div><\/div>[\/vc_column][\/vc_row]\n<\/div>","protected":false},"excerpt":{"rendered":"<p>[vc_row full_width=\u00bbstretch_row\u00bb wpex_bg_overlay=\u00bbdark\u00bb bg_style=\u00bbstretch\u00bb css=\u00bb.vc_custom_1711631992208{padding-top: 250px !important;padding-bottom: 200px !important;background: #093459 url(https:\/\/comunicaciones-gp.com\/wp-content\/uploads\/2024\/03\/GP-COMUNICACIONES.webp?id=13) !important;background-position: center !important;background-repeat: no-repeat !important;background-size: cover !important;}\u00bb wpex_bg_overlay_opacity=\u00bb0.35&#8243;][vc_column][\/vc_column][\/vc_row][vc_row local_scroll_id=\u00bbhome-about\u00bb css=\u00bb.vc_custom_1489864875923{padding-top: 60px !important;padding-bottom: 30px !important;}\u00bb][vc_column][vc_column_text font_size=\u00bb28px\u00bb] Comunicaciones Gold Partner es una empresa l\u00edder en servicios de Networking para entidades financieras [\/vc_column_text][vc_column_text] Somos una empresa l\u00edder en servicios de networking para instituciones financieras, con 8 a\u00f1os&hellip;<\/p>\n","protected":false},"author":1,"featured_media":0,"parent":0,"menu_order":0,"comment_status":"closed","ping_status":"closed","template":"","meta":{"footnotes":""},"class_list":["post-2","page","type-page","status-publish","hentry","entry","has-media"],"_links":{"self":[{"href":"https:\/\/comunicaciones-gp.com\/index.php\/wp-json\/wp\/v2\/pages\/2","targetHints":{"allow":["GET"]}}],"collection":[{"href":"https:\/\/comunicaciones-gp.com\/index.php\/wp-json\/wp\/v2\/pages"}],"about":[{"href":"https:\/\/comunicaciones-gp.com\/index.php\/wp-json\/wp\/v2\/types\/page"}],"author":[{"embeddable":true,"href":"https:\/\/comunicaciones-gp.com\/index.php\/wp-json\/wp\/v2\/users\/1"}],"replies":[{"embeddable":true,"href":"https:\/\/comunicaciones-gp.com\/index.php\/wp-json\/wp\/v2\/comments?post=2"}],"version-history":[{"count":5,"href":"https:\/\/comunicaciones-gp.com\/index.php\/wp-json\/wp\/v2\/pages\/2\/revisions"}],"predecessor-version":[{"id":132,"href":"https:\/\/comunicaciones-gp.com\/index.php\/wp-json\/wp\/v2\/pages\/2\/revisions\/132"}],"wp:attachment":[{"href":"https:\/\/comunicaciones-gp.com\/index.php\/wp-json\/wp\/v2\/media?parent=2"}],"curies":[{"name":"wp","href":"https:\/\/api.w.org\/{rel}","templated":true}]}}